{"id":40,"date":"2017-11-13T16:51:38","date_gmt":"2017-11-13T21:51:38","guid":{"rendered":"http:\/\/www.fleetfix.ca\/francais\/?page_id=40"},"modified":"2024-01-24T13:42:29","modified_gmt":"2024-01-24T18:42:29","slug":"maintenance-des-poids-lourds","status":"publish","type":"page","link":"https:\/\/fleetfix.ca\/francais\/maintenance-des-poids-lourds\/","title":{"rendered":"Service de m\u00e9canique"},"content":{"rendered":"<div class=\"post-entry\">\n<h2>Entretien de camion lourd<\/h2>\n<p><img loading=\"lazy\" decoding=\"async\" class=\"alignnone size-full wp-image-169\" src=\"http:\/\/www.fleetfix.ca\/francais\/wp-content\/uploads\/2017\/12\/mechanical_main.jpg\" alt=\"Maintenance des poids lourds\" width=\"873\" height=\"337\" srcset=\"https:\/\/fleetfix.ca\/francais\/wp-content\/uploads\/2017\/12\/mechanical_main.jpg 873w, https:\/\/fleetfix.ca\/francais\/wp-content\/uploads\/2017\/12\/mechanical_main-300x116.jpg 300w, https:\/\/fleetfix.ca\/francais\/wp-content\/uploads\/2017\/12\/mechanical_main-768x296.jpg 768w, https:\/\/fleetfix.ca\/francais\/wp-content\/uploads\/2017\/12\/mechanical_main-100x39.jpg 100w, https:\/\/fleetfix.ca\/francais\/wp-content\/uploads\/2017\/12\/mechanical_main-150x58.jpg 150w, https:\/\/fleetfix.ca\/francais\/wp-content\/uploads\/2017\/12\/mechanical_main-200x77.jpg 200w, https:\/\/fleetfix.ca\/francais\/wp-content\/uploads\/2017\/12\/mechanical_main-450x174.jpg 450w, https:\/\/fleetfix.ca\/francais\/wp-content\/uploads\/2017\/12\/mechanical_main-600x232.jpg 600w\" sizes=\"auto, (max-width: 873px) 100vw, 873px\" \/><\/p>\n<ul>\n<li>Tous nos m\u00e9caniciens sont <a href=\"https:\/\/saaq.gouv.qc.ca\/transport-biens\/vehicule-lourd\/verification-entretien-mecanique\/programme-entretien-preventif\/\" target=\"_blank\" rel=\"noopener noreferrer\">certifi\u00e9s PEP<\/a> par le gouvernement<\/li>\n<li>L\u2019atelier est cl\u00f4tur\u00e9 et sous surveillance vid\u00e9o<\/li>\n<li>Inspections annuelles de <a href=\"http:\/\/www.fleetfix.ca\/francais\/surete-inspection-saaq\/\" rel=\"noopener\">certification de s\u00e9curit\u00e9<\/a><\/li>\n<li>Programmes p\u00e9riodiques d\u2019entretien avec v\u00e9rification A ou B<\/li>\n<\/ul>\n<div class=\"content3Column gap\">\n<h2>R\u00e9parations et entretien en atelier<\/h2>\n<ul>\n<li>Exp\u00e9rience avec toutes les marques et mod\u00e8les de camions et de remorques<\/li>\n<li>Inspections et certifications de s\u00e9curit\u00e9 annuelles<\/li>\n<li>Avec nos services de remorquage et de d\u00e9pannage, nous pouvons vous mener \u00e0 notre centre de service sans perdre de temps.<\/li>\n<\/ul>\n<h3><img loading=\"lazy\" decoding=\"async\" class=\"alignnone size-full wp-image-170\" src=\"http:\/\/www.fleetfix.ca\/francais\/wp-content\/uploads\/2017\/12\/major-mechanical.jpg\" alt=\"R\u00c9PARATION DE SUSPENSION STRUCTURELLE MAJEURE\" width=\"1008\" height=\"337\" srcset=\"https:\/\/fleetfix.ca\/francais\/wp-content\/uploads\/2017\/12\/major-mechanical.jpg 1008w, https:\/\/fleetfix.ca\/francais\/wp-content\/uploads\/2017\/12\/major-mechanical-300x100.jpg 300w, https:\/\/fleetfix.ca\/francais\/wp-content\/uploads\/2017\/12\/major-mechanical-768x257.jpg 768w, https:\/\/fleetfix.ca\/francais\/wp-content\/uploads\/2017\/12\/major-mechanical-100x33.jpg 100w, https:\/\/fleetfix.ca\/francais\/wp-content\/uploads\/2017\/12\/major-mechanical-150x50.jpg 150w, https:\/\/fleetfix.ca\/francais\/wp-content\/uploads\/2017\/12\/major-mechanical-200x67.jpg 200w, https:\/\/fleetfix.ca\/francais\/wp-content\/uploads\/2017\/12\/major-mechanical-450x150.jpg 450w, https:\/\/fleetfix.ca\/francais\/wp-content\/uploads\/2017\/12\/major-mechanical-600x201.jpg 600w, https:\/\/fleetfix.ca\/francais\/wp-content\/uploads\/2017\/12\/major-mechanical-900x301.jpg 900w\" sizes=\"auto, (max-width: 1008px) 100vw, 1008px\" \/><\/h3>\n<h2>Services m\u00e9canique<\/h2>\n<ul>\n<li>Diagnostic li\u00e9 aux \u00e9missions (syst\u00e8mes DPF et DEF)<\/li>\n<li>Utilisation des outils de diagnostic informatique (J-Pro)<\/li>\n<li>Offres sp\u00e9ciales de vidange d&rsquo;huile pour toutes les marques<\/li>\n<li>Entretien de toutes marques et mod\u00e8les<\/li>\n<\/ul>\n<h3><img loading=\"lazy\" decoding=\"async\" class=\"size-medium wp-image-314 alignnone\" src=\"https:\/\/fleetfix.ca\/francais\/wp-content\/uploads\/2024\/01\/Image1-300x225.jpg\" alt=\"\" width=\"300\" height=\"225\" srcset=\"https:\/\/fleetfix.ca\/francais\/wp-content\/uploads\/2024\/01\/Image1-300x225.jpg 300w, https:\/\/fleetfix.ca\/francais\/wp-content\/uploads\/2024\/01\/Image1-100x75.jpg 100w, https:\/\/fleetfix.ca\/francais\/wp-content\/uploads\/2024\/01\/Image1-150x113.jpg 150w, https:\/\/fleetfix.ca\/francais\/wp-content\/uploads\/2024\/01\/Image1-200x150.jpg 200w, https:\/\/fleetfix.ca\/francais\/wp-content\/uploads\/2024\/01\/Image1-450x338.jpg 450w, https:\/\/fleetfix.ca\/francais\/wp-content\/uploads\/2024\/01\/Image1-600x450.jpg 600w, https:\/\/fleetfix.ca\/francais\/wp-content\/uploads\/2024\/01\/Image1.jpg 624w\" sizes=\"auto, (max-width: 300px) 100vw, 300px\" \/> <img loading=\"lazy\" decoding=\"async\" class=\"size-medium wp-image-315 alignnone\" src=\"https:\/\/fleetfix.ca\/francais\/wp-content\/uploads\/2024\/01\/Image2-300x225.png\" alt=\"\" width=\"300\" height=\"225\" srcset=\"https:\/\/fleetfix.ca\/francais\/wp-content\/uploads\/2024\/01\/Image2-300x225.png 300w, https:\/\/fleetfix.ca\/francais\/wp-content\/uploads\/2024\/01\/Image2-100x75.png 100w, https:\/\/fleetfix.ca\/francais\/wp-content\/uploads\/2024\/01\/Image2-150x112.png 150w, https:\/\/fleetfix.ca\/francais\/wp-content\/uploads\/2024\/01\/Image2-200x150.png 200w, https:\/\/fleetfix.ca\/francais\/wp-content\/uploads\/2024\/01\/Image2-450x337.png 450w, https:\/\/fleetfix.ca\/francais\/wp-content\/uploads\/2024\/01\/Image2-600x450.png 600w, https:\/\/fleetfix.ca\/francais\/wp-content\/uploads\/2024\/01\/Image2.png 650w\" sizes=\"auto, (max-width: 300px) 100vw, 300px\" \/><\/h3>\n<h3><\/h3>\n<h3>R\u00e9fection structurelle majeure de la suspension<\/h3>\n<p>L\u2019entreprise s\u0153ur de R\u00e9paration de remorques de camion \u00e0 Ottawa <a href=\"http:\/\/www.centraltt.com\/\" target=\"_blank\" rel=\"nofollow noopener noreferrer\">www.centraltt.com<\/a><\/p>\n<\/div>\n<\/div>\n","protected":false},"excerpt":{"rendered":"<p>Entretien de camion lourd Tous nos m\u00e9caniciens sont certifi\u00e9s PEP par le gouvernement L\u2019atelier est cl\u00f4tur\u00e9 et sous surveillance vid\u00e9o Inspections annuelles de certification de s\u00e9curit\u00e9 Programmes p\u00e9riodiques d\u2019entretien avec v\u00e9rification A ou B R\u00e9parations et entretien en atelier Exp\u00e9rience &hellip;<\/p>\n<p class=\"read-more\"> <a class=\"more-link\" href=\"https:\/\/fleetfix.ca\/francais\/maintenance-des-poids-lourds\/\"> <span class=\"screen-reader-text\">Service de m\u00e9canique<\/span> En savoir plus &raquo;<\/a><\/p>\n","protected":false},"author":1,"featured_media":0,"parent":0,"menu_order":0,"comment_status":"closed","ping_status":"closed","template":"","meta":{"footnotes":""},"class_list":["post-40","page","type-page","status-publish","hentry"],"yoast_head":"<!-- This site is optimized with the Yoast SEO plugin v24.7 - https:\/\/yoast.com\/wordpress\/plugins\/seo\/ -->\n<title>Entretien de camion lourd, r\u00e9paration de tracteur de semi-remorque et de remorque<\/title>\n<meta name=\"description\" content=\"Entretien de camion lourd \u00e0 Montr\u00e9al, tous nos m\u00e9caniciens sont certifi\u00e9s PEP par le gouvernement. Atelier cl\u00f4tur\u00e9, surveillance vid\u00e9o, inspections annuelles de certification de s\u00e9curit\u00e9.\" \/>\n<meta name=\"robots\" content=\"index, follow, max-snippet:-1, max-image-preview:large, max-video-preview:-1\" \/>\n<link rel=\"canonical\" href=\"https:\/\/fleetfix.ca\/francais\/maintenance-des-poids-lourds\/\" \/>\n<meta property=\"og:locale\" content=\"fr_CA\" \/>\n<meta property=\"og:type\" content=\"article\" \/>\n<meta property=\"og:title\" content=\"Entretien de camion lourd, r\u00e9paration de tracteur de semi-remorque et de remorque\" \/>\n<meta property=\"og:description\" content=\"Entretien de camion lourd \u00e0 Montr\u00e9al, tous nos m\u00e9caniciens sont certifi\u00e9s PEP par le gouvernement. Atelier cl\u00f4tur\u00e9, surveillance vid\u00e9o, inspections annuelles de certification de s\u00e9curit\u00e9.\" \/>\n<meta property=\"og:url\" content=\"https:\/\/fleetfix.ca\/francais\/maintenance-des-poids-lourds\/\" \/>\n<meta property=\"og:site_name\" content=\"R\u00e9paration de camions et remorques Montr\u00e9al mobile, m\u00e9canique\" \/>\n<meta property=\"article:publisher\" content=\"https:\/\/www.facebook.com\/trucktrailerrepairshop\/\" \/>\n<meta property=\"article:modified_time\" content=\"2024-01-24T18:42:29+00:00\" \/>\n<meta property=\"og:image\" content=\"http:\/\/www.fleetfix.ca\/francais\/wp-content\/uploads\/2017\/12\/mechanical_main.jpg\" \/>\n<meta name=\"twitter:card\" content=\"summary_large_image\" \/>\n<meta name=\"twitter:label1\" content=\"Estimation du temps de lecture\" \/>\n\t<meta name=\"twitter:data1\" content=\"2 minutes\" \/>\n<script type=\"application\/ld+json\" class=\"yoast-schema-graph\">{\"@context\":\"https:\/\/schema.org\",\"@graph\":[{\"@type\":\"WebPage\",\"@id\":\"https:\/\/fleetfix.ca\/francais\/maintenance-des-poids-lourds\/\",\"url\":\"https:\/\/fleetfix.ca\/francais\/maintenance-des-poids-lourds\/\",\"name\":\"Entretien de camion lourd, r\u00e9paration de tracteur de semi-remorque et de remorque\",\"isPartOf\":{\"@id\":\"https:\/\/fleetfix.ca\/francais\/#website\"},\"primaryImageOfPage\":{\"@id\":\"https:\/\/fleetfix.ca\/francais\/maintenance-des-poids-lourds\/#primaryimage\"},\"image\":{\"@id\":\"https:\/\/fleetfix.ca\/francais\/maintenance-des-poids-lourds\/#primaryimage\"},\"thumbnailUrl\":\"http:\/\/www.fleetfix.ca\/francais\/wp-content\/uploads\/2017\/12\/mechanical_main.jpg\",\"datePublished\":\"2017-11-13T21:51:38+00:00\",\"dateModified\":\"2024-01-24T18:42:29+00:00\",\"description\":\"Entretien de camion lourd \u00e0 Montr\u00e9al, tous nos m\u00e9caniciens sont certifi\u00e9s PEP par le gouvernement. Atelier cl\u00f4tur\u00e9, surveillance vid\u00e9o, inspections annuelles de certification de s\u00e9curit\u00e9.\",\"breadcrumb\":{\"@id\":\"https:\/\/fleetfix.ca\/francais\/maintenance-des-poids-lourds\/#breadcrumb\"},\"inLanguage\":\"fr-CA\",\"potentialAction\":[{\"@type\":\"ReadAction\",\"target\":[\"https:\/\/fleetfix.ca\/francais\/maintenance-des-poids-lourds\/\"]}]},{\"@type\":\"ImageObject\",\"inLanguage\":\"fr-CA\",\"@id\":\"https:\/\/fleetfix.ca\/francais\/maintenance-des-poids-lourds\/#primaryimage\",\"url\":\"http:\/\/www.fleetfix.ca\/francais\/wp-content\/uploads\/2017\/12\/mechanical_main.jpg\",\"contentUrl\":\"http:\/\/www.fleetfix.ca\/francais\/wp-content\/uploads\/2017\/12\/mechanical_main.jpg\"},{\"@type\":\"BreadcrumbList\",\"@id\":\"https:\/\/fleetfix.ca\/francais\/maintenance-des-poids-lourds\/#breadcrumb\",\"itemListElement\":[{\"@type\":\"ListItem\",\"position\":1,\"name\":\"Home\",\"item\":\"https:\/\/fleetfix.ca\/francais\/\"},{\"@type\":\"ListItem\",\"position\":2,\"name\":\"Service de m\u00e9canique\"}]},{\"@type\":\"WebSite\",\"@id\":\"https:\/\/fleetfix.ca\/francais\/#website\",\"url\":\"https:\/\/fleetfix.ca\/francais\/\",\"name\":\"R\u00e9paration de camions et remorques Montr\u00e9al mobile, m\u00e9canique\",\"description\":\"Pr\u00eat \u00e0 vous gardez roulemont !\",\"publisher\":{\"@id\":\"https:\/\/fleetfix.ca\/francais\/#organization\"},\"potentialAction\":[{\"@type\":\"SearchAction\",\"target\":{\"@type\":\"EntryPoint\",\"urlTemplate\":\"https:\/\/fleetfix.ca\/francais\/?s={search_term_string}\"},\"query-input\":{\"@type\":\"PropertyValueSpecification\",\"valueRequired\":true,\"valueName\":\"search_term_string\"}}],\"inLanguage\":\"fr-CA\"},{\"@type\":\"Organization\",\"@id\":\"https:\/\/fleetfix.ca\/francais\/#organization\",\"name\":\"FleetFIX Division de Greenmar\",\"url\":\"https:\/\/fleetfix.ca\/francais\/\",\"logo\":{\"@type\":\"ImageObject\",\"inLanguage\":\"fr-CA\",\"@id\":\"https:\/\/fleetfix.ca\/francais\/#\/schema\/logo\/image\/\",\"url\":\"http:\/\/www.fleetfix.ca\/francais\/wp-content\/uploads\/2017\/11\/cropped-fleetfix-30years-logo.png\",\"contentUrl\":\"http:\/\/www.fleetfix.ca\/francais\/wp-content\/uploads\/2017\/11\/cropped-fleetfix-30years-logo.png\",\"width\":414,\"height\":75,\"caption\":\"FleetFIX Division de Greenmar\"},\"image\":{\"@id\":\"https:\/\/fleetfix.ca\/francais\/#\/schema\/logo\/image\/\"},\"sameAs\":[\"https:\/\/www.facebook.com\/trucktrailerrepairshop\/\"]}]}<\/script>\n<!-- \/ Yoast SEO plugin. -->","yoast_head_json":{"title":"Entretien de camion lourd, r\u00e9paration de tracteur de semi-remorque et de remorque","description":"Entretien de camion lourd \u00e0 Montr\u00e9al, tous nos m\u00e9caniciens sont certifi\u00e9s PEP par le gouvernement. Atelier cl\u00f4tur\u00e9, surveillance vid\u00e9o, inspections annuelles de certification de s\u00e9curit\u00e9.","robots":{"index":"index","follow":"follow","max-snippet":"max-snippet:-1","max-image-preview":"max-image-preview:large","max-video-preview":"max-video-preview:-1"},"canonical":"https:\/\/fleetfix.ca\/francais\/maintenance-des-poids-lourds\/","og_locale":"fr_CA","og_type":"article","og_title":"Entretien de camion lourd, r\u00e9paration de tracteur de semi-remorque et de remorque","og_description":"Entretien de camion lourd \u00e0 Montr\u00e9al, tous nos m\u00e9caniciens sont certifi\u00e9s PEP par le gouvernement. Atelier cl\u00f4tur\u00e9, surveillance vid\u00e9o, inspections annuelles de certification de s\u00e9curit\u00e9.","og_url":"https:\/\/fleetfix.ca\/francais\/maintenance-des-poids-lourds\/","og_site_name":"R\u00e9paration de camions et remorques Montr\u00e9al mobile, m\u00e9canique","article_publisher":"https:\/\/www.facebook.com\/trucktrailerrepairshop\/","article_modified_time":"2024-01-24T18:42:29+00:00","og_image":[{"url":"http:\/\/www.fleetfix.ca\/francais\/wp-content\/uploads\/2017\/12\/mechanical_main.jpg","type":"","width":"","height":""}],"twitter_card":"summary_large_image","twitter_misc":{"Estimation du temps de lecture":"2 minutes"},"schema":{"@context":"https:\/\/schema.org","@graph":[{"@type":"WebPage","@id":"https:\/\/fleetfix.ca\/francais\/maintenance-des-poids-lourds\/","url":"https:\/\/fleetfix.ca\/francais\/maintenance-des-poids-lourds\/","name":"Entretien de camion lourd, r\u00e9paration de tracteur de semi-remorque et de remorque","isPartOf":{"@id":"https:\/\/fleetfix.ca\/francais\/#website"},"primaryImageOfPage":{"@id":"https:\/\/fleetfix.ca\/francais\/maintenance-des-poids-lourds\/#primaryimage"},"image":{"@id":"https:\/\/fleetfix.ca\/francais\/maintenance-des-poids-lourds\/#primaryimage"},"thumbnailUrl":"http:\/\/www.fleetfix.ca\/francais\/wp-content\/uploads\/2017\/12\/mechanical_main.jpg","datePublished":"2017-11-13T21:51:38+00:00","dateModified":"2024-01-24T18:42:29+00:00","description":"Entretien de camion lourd \u00e0 Montr\u00e9al, tous nos m\u00e9caniciens sont certifi\u00e9s PEP par le gouvernement. Atelier cl\u00f4tur\u00e9, surveillance vid\u00e9o, inspections annuelles de certification de s\u00e9curit\u00e9.","breadcrumb":{"@id":"https:\/\/fleetfix.ca\/francais\/maintenance-des-poids-lourds\/#breadcrumb"},"inLanguage":"fr-CA","potentialAction":[{"@type":"ReadAction","target":["https:\/\/fleetfix.ca\/francais\/maintenance-des-poids-lourds\/"]}]},{"@type":"ImageObject","inLanguage":"fr-CA","@id":"https:\/\/fleetfix.ca\/francais\/maintenance-des-poids-lourds\/#primaryimage","url":"http:\/\/www.fleetfix.ca\/francais\/wp-content\/uploads\/2017\/12\/mechanical_main.jpg","contentUrl":"http:\/\/www.fleetfix.ca\/francais\/wp-content\/uploads\/2017\/12\/mechanical_main.jpg"},{"@type":"BreadcrumbList","@id":"https:\/\/fleetfix.ca\/francais\/maintenance-des-poids-lourds\/#breadcrumb","itemListElement":[{"@type":"ListItem","position":1,"name":"Home","item":"https:\/\/fleetfix.ca\/francais\/"},{"@type":"ListItem","position":2,"name":"Service de m\u00e9canique"}]},{"@type":"WebSite","@id":"https:\/\/fleetfix.ca\/francais\/#website","url":"https:\/\/fleetfix.ca\/francais\/","name":"R\u00e9paration de camions et remorques Montr\u00e9al mobile, m\u00e9canique","description":"Pr\u00eat \u00e0 vous gardez roulemont !","publisher":{"@id":"https:\/\/fleetfix.ca\/francais\/#organization"},"potentialAction":[{"@type":"SearchAction","target":{"@type":"EntryPoint","urlTemplate":"https:\/\/fleetfix.ca\/francais\/?s={search_term_string}"},"query-input":{"@type":"PropertyValueSpecification","valueRequired":true,"valueName":"search_term_string"}}],"inLanguage":"fr-CA"},{"@type":"Organization","@id":"https:\/\/fleetfix.ca\/francais\/#organization","name":"FleetFIX Division de Greenmar","url":"https:\/\/fleetfix.ca\/francais\/","logo":{"@type":"ImageObject","inLanguage":"fr-CA","@id":"https:\/\/fleetfix.ca\/francais\/#\/schema\/logo\/image\/","url":"http:\/\/www.fleetfix.ca\/francais\/wp-content\/uploads\/2017\/11\/cropped-fleetfix-30years-logo.png","contentUrl":"http:\/\/www.fleetfix.ca\/francais\/wp-content\/uploads\/2017\/11\/cropped-fleetfix-30years-logo.png","width":414,"height":75,"caption":"FleetFIX Division de Greenmar"},"image":{"@id":"https:\/\/fleetfix.ca\/francais\/#\/schema\/logo\/image\/"},"sameAs":["https:\/\/www.facebook.com\/trucktrailerrepairshop\/"]}]}},"_links":{"self":[{"href":"https:\/\/fleetfix.ca\/francais\/wp-json\/wp\/v2\/pages\/40","targetHints":{"allow":["GET"]}}],"collection":[{"href":"https:\/\/fleetfix.ca\/francais\/wp-json\/wp\/v2\/pages"}],"about":[{"href":"https:\/\/fleetfix.ca\/francais\/wp-json\/wp\/v2\/types\/page"}],"author":[{"embeddable":true,"href":"https:\/\/fleetfix.ca\/francais\/wp-json\/wp\/v2\/users\/1"}],"replies":[{"embeddable":true,"href":"https:\/\/fleetfix.ca\/francais\/wp-json\/wp\/v2\/comments?post=40"}],"version-history":[{"count":12,"href":"https:\/\/fleetfix.ca\/francais\/wp-json\/wp\/v2\/pages\/40\/revisions"}],"predecessor-version":[{"id":321,"href":"https:\/\/fleetfix.ca\/francais\/wp-json\/wp\/v2\/pages\/40\/revisions\/321"}],"wp:attachment":[{"href":"https:\/\/fleetfix.ca\/francais\/wp-json\/wp\/v2\/media?parent=40"}],"curies":[{"name":"wp","href":"https:\/\/api.w.org\/{rel}","templated":true}]}}